{"id":228,"date":"2024-05-08T12:39:04","date_gmt":"2024-05-08T15:39:04","guid":{"rendered":"http:\/\/gnulinux.unp.edu.ar\/?page_id=228"},"modified":"2024-05-08T12:39:05","modified_gmt":"2024-05-08T15:39:05","slug":"area-plataforma-digital","status":"publish","type":"page","link":"https:\/\/gnulinux.unp.edu.ar\/?page_id=228","title":{"rendered":"\u00c1rea Plataforma Digital"},"content":{"rendered":"\n<p>Misi\u00f3n<br>El Departamento de Plataforma Tecnol\u00f3gica, es la responsable de todos los asuntos relacionados<br>con la tecnolog\u00eda a implementar para la incorporaci\u00f3n de servicios inform\u00e1ticos acordes al<br>desarrollo tecnol\u00f3gico actual.<br>Funciones<br>\u2022 Planificar la actividad a desarrollar en el Departamento, proponiendo los medios para su<br>puesta en marcha y evaluar los resultados.<br>\u2022 Coordinar la actividad en el Departamento que se deriva de las funciones de la misma.<br>\u2022 Ser enlace y contacto, en el \u00e1mbito de sus competencias, de la Universidad con otros centros<br>o instituciones externas: Universidades, Centros de Investigaci\u00f3n, etc.<br>\u2022 Mantener en buen estado y funcionamiento todo el equipamiento involucrado en servicios<br>que se deriven de la plataforma.<br>\u2022 Favorecer el desarrollo de servicios basados en la \u201cnube\u201d, con aplicaci\u00f3n de tecnolog\u00eda de<br>infraestructura l\u00f3gica o por software.<br>\u2022 Colaborar con las \u00e1reas del propio Departamento en la elecci\u00f3n y an\u00e1lisis de nuevas<br>tecnolog\u00edas, para implementaciones espec\u00edficas y generales.<br>\u2022 Seguimiento y monitoreo de las herramientas inform\u00e1ticas definiendo obsolescencias y<br>necesidades de recambio<br>\u2022 Investigaci\u00f3n, recopilaci\u00f3n de datos y testeo de Sistemas Operativos en General.<br>\u2022 Investigaci\u00f3n, recopilaci\u00f3n de datos y testeo de aplicaciones asociadas a los SO.<br>\u2022 Contribuir como miembro activo en la \u201cComisi\u00f3n de Pol\u00edticas en Tecnolog\u00edas de<br>Informaci\u00f3n, Comunicaciones y Seguridad de la Informaci\u00f3n de la UNSPJB\u201d.<br>\u2022 Contribuir como miembro activo dentro de las UUNN de la \u201cComisi\u00f3n de<br>Ciberseguridad\u201d.<br>UNPSJB<br>P\u00e1gina 12 de 14<\/p>\n","protected":false},"excerpt":{"rendered":"<p>Misi\u00f3nEl Departamento de Plataforma Tecnol\u00f3gica, es la responsable de todos los asuntos relacionadoscon la tecnolog\u00eda a implementar para la incorporaci\u00f3n<\/p>\n","protected":false},"author":3,"featured_media":0,"parent":179,"menu_order":0,"comment_status":"closed","ping_status":"closed","template":"","meta":{"footnotes":""},"class_list":["post-228","page","type-page","status-publish","hentry"],"_links":{"self":[{"href":"https:\/\/gnulinux.unp.edu.ar\/index.php?rest_route=\/wp\/v2\/pages\/228","targetHints":{"allow":["GET"]}}],"collection":[{"href":"https:\/\/gnulinux.unp.edu.ar\/index.php?rest_route=\/wp\/v2\/pages"}],"about":[{"href":"https:\/\/gnulinux.unp.edu.ar\/index.php?rest_route=\/wp\/v2\/types\/page"}],"author":[{"embeddable":true,"href":"https:\/\/gnulinux.unp.edu.ar\/index.php?rest_route=\/wp\/v2\/users\/3"}],"replies":[{"embeddable":true,"href":"https:\/\/gnulinux.unp.edu.ar\/index.php?rest_route=%2Fwp%2Fv2%2Fcomments&post=228"}],"version-history":[{"count":1,"href":"https:\/\/gnulinux.unp.edu.ar\/index.php?rest_route=\/wp\/v2\/pages\/228\/revisions"}],"predecessor-version":[{"id":229,"href":"https:\/\/gnulinux.unp.edu.ar\/index.php?rest_route=\/wp\/v2\/pages\/228\/revisions\/229"}],"up":[{"embeddable":true,"href":"https:\/\/gnulinux.unp.edu.ar\/index.php?rest_route=\/wp\/v2\/pages\/179"}],"wp:attachment":[{"href":"https:\/\/gnulinux.unp.edu.ar\/index.php?rest_route=%2Fwp%2Fv2%2Fmedia&parent=228"}],"curies":[{"name":"wp","href":"https:\/\/api.w.org\/{rel}","templated":true}]}}